**2 - g + 1. Let t(y) = 4*f(y) - z(y). What is t(-8)?
5
Let l(d) = 3*d**3 + 5*d**2 - 3*d - 5. Let p(n) = n**3. Let j(g) = -l(g) + 4*p(g). Give j(4).
1
Suppose 2*d - 3*d = 2. Let h be 2/d - (-13 - -7). Let k(c) be the third derivative of c**5/60 - 5*c**4/24 - 7*c**3/6 - c**2. Calculate k(h).
-7
Suppose -12 + 7 = 5*l. Let b(o) = 3*o**2 + o + 1. Determine b(l).
3
Let q(p) = p**3 + 13*p**2 + 2. Let a be q(-13). Suppose -u + 3*u + 4 = d, -5*u = 4*d - 3. Let v(z) = 2*z - z**3 - 2 - d*z**2 + 5*z - 3*z. Give v(a).
-10
Let j be (4 - 10)/((-3)/2). Let z(p) = -7*p**3 - 3*p**2 + 4*p - 11. Let v(k) = -k**3 - k**2 - 1. Let b = -12 + 13. Let i(d) = b*z(d) - 6*v(d). What is i(j)?
-5
Let k(z) = 5*z**2 + 7*z - 9. Let r(b) be the second derivative of b**4/3 + b**3 - 4*b**2 - b. Let y(i) = -5*k(i) + 6*r(i). Determine y(0).
-3
Let a(f) = 6*f + 5. Let c(m) = -12*m - 9. Let p(y) = 7*a(y) + 4*c(y). Give p(-1).
5
Let q(c) be the first derivative of c**3/3 + 3*c**2 + 6*c + 3. Determine q(-6).
6
Suppose -n = -2*n. Let k = -3 - n. Let c(r) = 2*r**2 + r - 3. Give c(k).
12
Suppose -3*w = -4*j + 16, 4*j + 12 - 4 = -3*w. Let v(o) = -28*o - 1. Determine v(j).
-29
Let s(a) = -2*a. Let w be s(1). Let m(b) = b**3 + b**2 - 2. Let j(r) = -r**3 - r**2 + 2. Let u(x) = -4*j(x) - 5*m(x). Calculate u(w).
6
Let t = -8 - -4. Let l(v) = 6 + 108*v**2 - 54*v**2 + v**3 + 5*v - 49*v**2. What is l(t)?
2
Let s(q) be the second derivative of -q**5/120 + q**4/6 - q**3/3 + 4*q. Let g(m) be the second derivative of s(m). Calculate g(0).
4
Let z be (-3)/(2/(1 + 1)). Let p(t) = -t**3 - 9*t**2 + 7*t + 10. Let q(c) = 3*c**3 + 26*c**2 - 20*c - 28. Let v(j) = 17*p(j) + 6*q(j). Determine v(z).
5
Let c(n) be the second derivative of 0*n**3 + 7/2*n**2 - 1/12*n**4 + 0 - 2*n. Suppose 0 = -3*q - h - 1 + 6, 25 = -2*q + 5*h. What is c(q)?
7
Let a(f) = 6*f**2 + 2*f - 4. Let g(q) = 7*q**2 + 3*q - 5. Let t(x) = -4*a(x) + 3*g(x). What is t(-2)?
-13
Let s(j) = 2*j + 2. Let v(f) = 19*f + 0 - 23*f - 5. Let q(t) = -5*s(t) - 3*v(t). Calculate q(4).
13
Suppose 5 = -3*b - 1. Let r be b + 3/(3/2). Let i(w) = -w**2 + 4. What is i(r)?
4
Suppose 4*z + 10 = 5*d, -z = 2*d + d + 11. Let a(r) = r**2 + 5*r + 2. Calculate a(d).
-4
Let o(c) = 3 - 2*c**2 - c**2 - 2. Calculate o(1).
-2
Let m(h) be the first derivative of -4*h + 1/2*h**2 + 1/4*h**4 + 0*h**3 + 2. Suppose 0*j = -j. Calculate m(j).
-4
Let u(v) = 1 + 2 + 6*v - v**3 - 2*v + 3*v**2. Let j be (-690)/(-150) + 6/(-10). Determine u(j).
3
Let r(i) = -14*i - 8. Suppose -b - l = -0 + 2, 5*l - 5 = 0. Let w(y) = 5*y + 3. Let o(t) = b*r(t) - 8*w(t). Calculate o(3).
6
Let r(j) = -2*j**2 - 4*j - 3. Let h(c) = -c. Let q(i) = h(i) - r(i). Determine q(-2).
5
Let m = -21 - -41. Suppose 2*r - 16 = -5*i + 3*r, -3*i = 3*r - 24. Suppose 4*u = -m + i. Let p(s) = s**2 + 4*s - 1. Determine p(u).
-1
Let c(n) = 3*n + 1. Suppose 0*v = -v + 1. What is c(v)?
4
Let f be (2 - 3)/(1/(-3)). Let j(w) = -6*w**2 + 3*w - 3. Let s(l) = l**2 + 1. Let d(n) = j(n) + 5*s(n). Calculate d(f).
2
Let w = -3 - -7. Let g(x) = -6*x - x + w*x + 4*x. Calculate g(6).
6
Let o(d) = 7*d**2 - 6*d. Let i be (6/(-4))/((-1)/6). Let m = 3 - i. Let a(c) = -13*c**2 + 11*c - 1. Let g(k) = m*a(k) - 11*o(k). What is g(0)?
6
Let s be 4 - 5 - 2/1. Let o be -6*(4/s + 1). Let n(l) = 1 + o + l + l**2 + 5*l. Give n(-5).
-2
Let t(i) = -i. Suppose 4*u - 1 = -4*w - 13, 4*u + 16 = -2*w. Let v(h) = -6*h - 2. Let n(g) = u*t(g) + v(g). Give n(0).
-2
Let y(b) = -b**2 + b - 6. Let f = 9 - 5. Suppose -41 = -5*p - f*g, -3*p + 2*p + 3*g - 7 = 0. Suppose p*t = 5*l, -3*t - 5*l = -0*t. What is y(t)?
-6
Let d(x) = -5*x**2 + 2*x + 2. Suppose 6*y = 23 - 11. Determine d(y).
-14
Let g(n) = -6*n + 2*n - 2*n + n**2 - 7 + n. Let p be g(7). Let m(t) = t**3 - 8*t**2 + 7*t - 6. What is m(p)?
-6
Let j = 13 + -19. Let x(y) = 4*y + y - 4*y + 6 + 0. Give x(j).
0
Let v(x) = -5*x**3 + 1. Let h be v(-1). Let i = h + -4. Let p(k) = -2*k + i + 5 + 3*k. What is p(-4)?
3
Suppose -8 = -2*n + 2*m, -3*n + 2*n - 2*m = 8. Let z(u) = 4*u - 3*u + 3 - 11 + n*u. Let i be z(9). Let v(k) = 3*k**2 + k - 1. Give v(i).
3
Let s(h) be the second derivative of h**6/720 - h**5/40 - h**4/6 - h. Let z(y) be the third derivative of s(y). Let q be (-6)/2*(-20)/15. Give z(q).
1
Let o(x) = -x - 14. Let w(s) = -2*s - 15. Let a(g) = 4*o(g) - 3*w(g). Determine a(8).
5
Let x be ((-30)/9)/(42/(-9) + 4). Let v(r) = r**2 + 4*r - 2. Let d(k) = 2*k**2 + 3*k - 1. Let t(q) = 2*d(q) - 3*v(q). Determine t(x).
-1
Let u(k) = -k**2 - 3*k - 1. Let t(w) be the third derivative of w**5/60 + w**4/12 + 2*w**2. Let p(a) = 2*t(a) + 3*u(a). Determine p(-3).
3
Let x(m) be the second derivative of m**3/6 - 9*m**2/2 + 4*m. Let f be x(7). Let z(w) = 2*w**2 - 2*w - 3. Determine z(f).
9
Let n(x) = -5*x**2 + 4*x**2 + 15 - 6 + 0*x + x. Determine n(0).
9
Let b = -2 + 0. Let y be -2 + (-8)/b - 0. Let k(g) = -3*g**3 + g**2 + 13*g + 1. Let v(h) = h**3 - 6*h. Let d(n) = 2*k(n) + 5*v(n). Give d(y).
-6
Let w(y) = -3*y**2 + 2. Let z(k) = 8*k**2 - 5*k - 8. Let t(d) = -3*w(d) - z(d). Let q(n) = -n**2 - 6*n - 4. Let p be q(-6). Calculate t(p).
-2
Let y(w) be the first derivative of -w**4/4 + w**3/3 - 2*w + 1. Let i = -60 - -60. What is y(i)?
-2
Let f(a) = -a**2 - a - 5. Suppose -3 - 2 = -l. Let j be 0/2*l/(-10). Suppose j = -4*k - 3*n - 15, k - n - 4*n = 25. What is f(k)?
-5
Suppose c + 3 = -1. Let v(g) = -10*g - 3*g**2 + 5*g - 2 + 2*g**2. What is v(c)?
2
Suppose 4*g = -0*g - 20, 3*g - 5 = 5*v. Let f(t) = -2*t**3 + 5*t**2 - 2*t + 1. Let r(q) = 5*q**3 - 15*q**2 + 5*q - 2. Let l(c) = -8*f(c) - 3*r(c). What is l(v)?
10
Let j = 7 + -1. Let d = j - 7. Let g(k) = 11*k + 1. Let p(x) = 32*x + 3. Let v(b) = 17*g(b) - 6*p(b). What is v(d)?
4
Let a(o) = -o**2 + 5*o - 5. Let m(r) = 2*r**2 + 13*r + 6. Let b be m(-7). Suppose 3*l + 1 = b. Calculate a(l).
-1
Let v(h) = h**2 - 7*h + 9. Let j be v(6). Suppose j*m = 2*m. Let n be (3 - m)*(0 + 1). Let o(a) = -a. Determine o(n).
-3
Let i(t) = 5 + t + t**2 + 0 - 1 + 7*t. Determine i(-7).
-3
Let h(n) = -n**2 - 4*n. Let w(p) = 4*p**2 + 13*p. Let j(t) = 7*h(t) + 2*w(t). Calculate j(2).
0
Let q(x) = 4*x - 1. Let n(p) = -3*p + 2. Suppose 2*o + 0*o - 10 = v, -4*o - 3*v = 0. Let s(u) = o*n(u) + 2*q(u). Let j = 9 + -7. What is s(j)?
2
Suppose 2*j - 7*j + 25 = 4*b, -3*b = j - 16. Let f(m) = -3*m**2 + 3*m**2 + 2*m - j + 5*m**2. Let x = -2 - -3. Determine f(x).
6
Let k(j) = -3 - 3 + 9*j - 5 + 4. Let o(m) = -5*m + 4. Let z(h) = 4*k(h) + 7*o(h). Let x(f) = -f**2 + 8*f - 7. Let g be x(6). Give z(g).
5
Suppose -6 = g - 7. Let f(x) = 9*x - 1. What is f(g)?
8
Let u(y) = 3*y**3 + 3*y**2 - y + 1. Let p(v) be the third derivative of v**6/120 + v**5/60 + 2*v**2. Let w(k) = -4*p(k) + u(k). What is w(2)?
-13
Suppose -4*i - 10 = 10. Let x(q) = q**2 + 7*q + 6. Give x(i).
-4
Let p(j) be the first derivative of -j**4/4 + j**3/3 + j**2 - 3*j + 8. What is p(2)?
-3
Let k(q) be the third derivative of q**4/4 - 3*q**2. What is k(2)?
12
Let z(n) be the first derivative of n**6/120 + 7*n**5/60 + n**4/6 - 4*n**3/3 - 3*n**2/2 + 7. Let m(a) be the second derivative of z(a). What is m(-6)?
4
Let t(x) be the third derivative of -x**6/120 - x**5/12 + x**4/4 - 4*x**3/3 + x**2. Calculate t(-6).
-8
Suppose 2*s = 5*s + 15. Let v(q) = q. What is v(s)?
-5
Let o(p) = -p**2 - 3*p - 2. Let z be 4*(12/(-4))/3. What is o(z)?
-6
Let s(g) = -20*g**2 + 7*g - 18. Let i(w) = -7*w**2 + 2*w - 6. Let n(v) = -17*i(v) + 6*s(v). Calculate n(5).
9
Let v(c) = -c**3 - 4*c**2 + c - 2. Suppose -6 + 0 = -3*x. Let h(t) = x - 3*t - 3*t + 4*t. Let u be h(3). What is v(u)?
-6
Let g(m) = m**3 - 7*m**2 + 8*m - 6. Let d be g(6). Let q be (-2 - 1)/(1/(-3)). Let r(b) = 1 + 4*b + q + b**2 - 2 - 2*b**2. What is r(d)?
-4
Let f(c) = 2*c - 3. Let d(s) = -s**2 - 8*s - 11. Let g be d(-5). Calculate f(g).
5
Let c(o) = -9*o**3 - 2*o**2 + o. Let i be (-2)/3*33/(-22). Calculate c(i).
-10
Suppose -2 = -2*g + 2. Let w be 84/18 - g/3. Let h(b) = b**3 - 4*b**2 + 2*b - 5. Calculate h(w).
3
Let p(b) = b**2 + 7*b + 3. Let z be p(-7). Suppose 0 = 3*t + 5*u - 3 + 11, 0 = z*t - 3*u - 24. Let s(d) = 6*d - t*d + 4 - d. Give s(-4).
0
Let p(k) = -k**2 + 4*k + 5. Suppose -a + 12 = -4*g, -2*g - 7 = -4*a + 13. Suppose 5 + 5 = 3*u + x, 2*u = a*x - 12. Let i be 5/2*u + 0. What is p(i)?
0
Let m(y) = -y**3 + 6*y**2 - 4